{"id":116,"date":"2017-02-16T11:05:27","date_gmt":"2017-02-16T11:05:27","guid":{"rendered":"https:\/\/xml-io.proteusthemes.com\/medicpress\/?page_id=116"},"modified":"2024-03-12T04:26:02","modified_gmt":"2024-03-12T04:26:02","slug":"servicios","status":"publish","type":"page","link":"https:\/\/centroceed.com\/index.php\/servicios\/","title":{"rendered":"Servicios"},"content":{"rendered":"<div id=\"pl-116\"  class=\"panel-layout\" ><div id=\"pg-116-0\"  class=\"panel-grid panel-no-style\" ><div id=\"pgc-116-0-0\"  class=\"panel-grid-cell\" ><div id=\"panel-116-0-0-0\" class=\"so-panel widget widget_pw_featured_page widget-featured-page panel-first-child panel-last-child\" data-index=\"0\" >\n\t<div class=\"page-box  page-box--block\">\n\t\t\t\t\t\t<a class=\"page-box__picture\" href=\"https:\/\/centroceed.com\/index.php\/servicios\/prueba-de-aliento\/\">\n\t\t\t\t\t<img fetchpriority=\"high\" decoding=\"async\" src=\"https:\/\/centroceed.com\/wp-content\/uploads\/2024\/02\/servicios3-350x175.jpg\" width=\"350\" height=\"175\" srcset=\"https:\/\/centroceed.com\/wp-content\/uploads\/2024\/02\/servicios3-350x175.jpg 350w, https:\/\/centroceed.com\/wp-content\/uploads\/2024\/02\/servicios3.jpg 860w\" sizes=\"(min-width: 1200px) 350px, (min-width: 992px) 290px, (min-width: 768px) 690px, (min-width: 576px) 510px, calc(100vw - 30px)\" class=\"wp-post-image\" alt=\"Prueba de Aliento\">\n\t\t\t\t\t\t\t\t\t<\/a>\n\t\t\t\t\t\t\t\t<div class=\"page-box__content\">\n\t\t\t<h2 class=\"page-box__title\"><a href=\"https:\/\/centroceed.com\/index.php\/servicios\/prueba-de-aliento\/\">Prueba de Aliento<\/a><\/h2>\n\t\t\t<p class=\"page-box__text\">\u00bfQue es la intolerancia a la lactosa? Es un test para determinar si usted tiene una intolerancia a la lactosa. La intolerancia de lactosa es &hellip;<\/p>\n\t\t\t\t\t<\/div>\n\t<\/div>\n\n<\/div><\/div><div id=\"pgc-116-0-1\"  class=\"panel-grid-cell\" ><div id=\"panel-116-0-1-0\" class=\"so-panel widget widget_pw_featured_page widget-featured-page panel-first-child panel-last-child\" data-index=\"1\" >\n\t<div class=\"page-box  page-box--block\">\n\t\t\t\t\t\t<a class=\"page-box__picture\" href=\"https:\/\/centroceed.com\/index.php\/servicios\/estudios-de-imagen\/\">\n\t\t\t\t\t<img decoding=\"async\" src=\"https:\/\/centroceed.com\/wp-content\/uploads\/2024\/03\/imagen2-350x175.jpg\" width=\"350\" height=\"175\" srcset=\"https:\/\/centroceed.com\/wp-content\/uploads\/2024\/03\/imagen2-350x175.jpg 350w, https:\/\/centroceed.com\/wp-content\/uploads\/2024\/03\/imagen2.jpg 860w\" sizes=\"(min-width: 1200px) 350px, (min-width: 992px) 290px, (min-width: 768px) 690px, (min-width: 576px) 510px, calc(100vw - 30px)\" class=\"wp-post-image\" alt=\"Estudios de Imagen\">\n\t\t\t\t\t\t\t\t\t<\/a>\n\t\t\t\t\t\t\t\t<div class=\"page-box__content\">\n\t\t\t<h2 class=\"page-box__title\"><a href=\"https:\/\/centroceed.com\/index.php\/servicios\/estudios-de-imagen\/\">Estudios de Imagen<\/a><\/h2>\n\t\t\t<p class=\"page-box__text\">Sonograf\u00edas: abdominal, p\u00e9lvica, tiroides, sono mamograf\u00eda, vesico prost\u00e1tica, partes blandas. Doppler carotideo, miembros inferiores arterial &hellip;<\/p>\n\t\t\t\t\t<\/div>\n\t<\/div>\n\n<\/div><\/div><\/div><div id=\"pg-116-1\"  class=\"panel-grid panel-no-style\" ><div id=\"pgc-116-1-0\"  class=\"panel-grid-cell\" ><div id=\"panel-116-1-0-0\" class=\"so-panel widget widget_pw_featured_page widget-featured-page panel-first-child panel-last-child\" data-index=\"2\" >\n\t<div class=\"page-box  page-box--block\">\n\t\t\t\t\t\t<a class=\"page-box__picture\" href=\"https:\/\/centroceed.com\/index.php\/servicios\/estudios-endoscopicos\/\">\n\t\t\t\t\t<img decoding=\"async\" src=\"https:\/\/centroceed.com\/wp-content\/uploads\/2024\/02\/servicios1-350x175.jpg\" width=\"350\" height=\"175\" srcset=\"https:\/\/centroceed.com\/wp-content\/uploads\/2024\/02\/servicios1-350x175.jpg 350w, https:\/\/centroceed.com\/wp-content\/uploads\/2024\/02\/servicios1.jpg 860w\" sizes=\"(min-width: 1200px) 350px, (min-width: 992px) 290px, (min-width: 768px) 690px, (min-width: 576px) 510px, calc(100vw - 30px)\" class=\"wp-post-image\" alt=\"Estudios Endosc\u00f3picos\">\n\t\t\t\t\t\t\t\t\t<\/a>\n\t\t\t\t\t\t\t\t<div class=\"page-box__content\">\n\t\t\t<h2 class=\"page-box__title\"><a href=\"https:\/\/centroceed.com\/index.php\/servicios\/estudios-endoscopicos\/\">Estudios Endosc\u00f3picos<\/a><\/h2>\n\t\t\t<p class=\"page-box__text\">C\u00e1psula Endosc\u00f3pica, Endoscopia Digestiva alta, Colonoscopia, Ultrasonido Endosc\u00f3pico Diagnostico y Terapeutico, Colangio Pancreatograf\u00eda &hellip;<\/p>\n\t\t\t\t\t<\/div>\n\t<\/div>\n\n<\/div><\/div><div id=\"pgc-116-1-1\"  class=\"panel-grid-cell\" ><div id=\"panel-116-1-1-0\" class=\"so-panel widget widget_pw_featured_page widget-featured-page panel-first-child panel-last-child\" data-index=\"3\" >\n\t<div class=\"page-box  page-box--block\">\n\t\t\t\t\t\t<a class=\"page-box__picture\" href=\"https:\/\/centroceed.com\/index.php\/servicios\/consultas\/\">\n\t\t\t\t\t<img loading=\"lazy\" decoding=\"async\" src=\"https:\/\/centroceed.com\/wp-content\/uploads\/2024\/02\/servicios4-350x175.jpg\" width=\"350\" height=\"175\" srcset=\"https:\/\/centroceed.com\/wp-content\/uploads\/2024\/02\/servicios4-350x175.jpg 350w, https:\/\/centroceed.com\/wp-content\/uploads\/2024\/02\/servicios4.jpg 860w\" sizes=\"(min-width: 1200px) 350px, (min-width: 992px) 290px, (min-width: 768px) 690px, (min-width: 576px) 510px, calc(100vw - 30px)\" class=\"wp-post-image\" alt=\"Consultas\">\n\t\t\t\t\t\t\t\t\t<\/a>\n\t\t\t\t\t\t\t\t<div class=\"page-box__content\">\n\t\t\t<h2 class=\"page-box__title\"><a href=\"https:\/\/centroceed.com\/index.php\/servicios\/consultas\/\">Consultas<\/a><\/h2>\n\t\t\t<p class=\"page-box__text\">Gastroenterolog\u00eda general, V\u00edas biliar y p\u00e1ncreas, Endoscopia terap\u00e9utica, Hepatolog\u00eda, Consultas de emergencias y \u00e1reas de estabilizaci\u00f3n, &hellip;<\/p>\n\t\t\t\t\t<\/div>\n\t<\/div>\n\n<\/div><\/div><\/div><\/div>","protected":false},"excerpt":{"rendered":"<p>Prueba de Aliento \u00bfQue es la intolerancia a la lactosa? Es un test para determinar si usted tiene una intolerancia a la lactosa. La intolerancia de lactosa es &hellip; Estudios de Imagen Sonograf\u00edas: abdominal, p\u00e9lvica, tiroides, sono mamograf\u00eda, vesico prost\u00e1tica, partes blandas. Doppler carotideo, miembros inferiores arterial &hellip; Estudios Endosc\u00f3picos C\u00e1psula Endosc\u00f3pica, Endoscopia Digestiva alta, &hellip;<\/p>\n","protected":false},"author":1,"featured_media":0,"parent":0,"menu_order":0,"comment_status":"closed","ping_status":"closed","template":"","meta":{"_acf_changed":false,"inline_featured_image":false,"footnotes":""},"acf":[],"yoast_head":"<!-- This site is optimized with the Yoast SEO plugin v22.2 - https:\/\/yoast.com\/wordpress\/plugins\/seo\/ -->\n<title>Servicios - CEED<\/title>\n<meta name=\"robots\" content=\"index, follow, max-snippet:-1, max-image-preview:large, max-video-preview:-1\" \/>\n<link rel=\"canonical\" href=\"https:\/\/centroceed.com\/index.php\/servicios\/\" \/>\n<meta property=\"og:locale\" content=\"es_ES\" \/>\n<meta property=\"og:type\" content=\"article\" \/>\n<meta property=\"og:title\" content=\"Servicios - CEED\" \/>\n<meta property=\"og:description\" content=\"Prueba de Aliento \u00bfQue es la intolerancia a la lactosa? Es un test para determinar si usted tiene una intolerancia a la lactosa. La intolerancia de lactosa es &hellip; Estudios de Imagen Sonograf\u00edas: abdominal, p\u00e9lvica, tiroides, sono mamograf\u00eda, vesico prost\u00e1tica, partes blandas. Doppler carotideo, miembros inferiores arterial &hellip; Estudios Endosc\u00f3picos C\u00e1psula Endosc\u00f3pica, Endoscopia Digestiva alta, &hellip;\" \/>\n<meta property=\"og:url\" content=\"https:\/\/centroceed.com\/index.php\/servicios\/\" \/>\n<meta property=\"og:site_name\" content=\"CEED\" \/>\n<meta property=\"article:publisher\" content=\"https:\/\/www.facebook.com\/p\/Centro-Especializado-de-Estudios-Digestivos-100063752154012\/\" \/>\n<meta property=\"article:modified_time\" content=\"2024-03-12T04:26:02+00:00\" \/>\n<meta name=\"twitter:card\" content=\"summary_large_image\" \/>\n<script type=\"application\/ld+json\" class=\"yoast-schema-graph\">{\"@context\":\"https:\/\/schema.org\",\"@graph\":[{\"@type\":\"WebPage\",\"@id\":\"https:\/\/centroceed.com\/index.php\/servicios\/\",\"url\":\"https:\/\/centroceed.com\/index.php\/servicios\/\",\"name\":\"Servicios - CEED\",\"isPartOf\":{\"@id\":\"https:\/\/centroceed.com\/#website\"},\"datePublished\":\"2017-02-16T11:05:27+00:00\",\"dateModified\":\"2024-03-12T04:26:02+00:00\",\"breadcrumb\":{\"@id\":\"https:\/\/centroceed.com\/index.php\/servicios\/#breadcrumb\"},\"inLanguage\":\"es-DO\",\"potentialAction\":[{\"@type\":\"ReadAction\",\"target\":[\"https:\/\/centroceed.com\/index.php\/servicios\/\"]}]},{\"@type\":\"BreadcrumbList\",\"@id\":\"https:\/\/centroceed.com\/index.php\/servicios\/#breadcrumb\",\"itemListElement\":[{\"@type\":\"ListItem\",\"position\":1,\"name\":\"Home\",\"item\":\"https:\/\/centroceed.com\/\"},{\"@type\":\"ListItem\",\"position\":2,\"name\":\"Servicios\"}]},{\"@type\":\"WebSite\",\"@id\":\"https:\/\/centroceed.com\/#website\",\"url\":\"https:\/\/centroceed.com\/\",\"name\":\"CEED - Centro Especializado en Estudios Digestivos\",\"description\":\"Centro Especializado en el Diagn\u00f3stico y Tratamiento de las Enfermedades Digestivas\",\"publisher\":{\"@id\":\"https:\/\/centroceed.com\/#organization\"},\"potentialAction\":[{\"@type\":\"SearchAction\",\"target\":{\"@type\":\"EntryPoint\",\"urlTemplate\":\"https:\/\/centroceed.com\/?s={search_term_string}\"},\"query-input\":\"required name=search_term_string\"}],\"inLanguage\":\"es-DO\"},{\"@type\":\"Organization\",\"@id\":\"https:\/\/centroceed.com\/#organization\",\"name\":\"CEED\",\"url\":\"https:\/\/centroceed.com\/\",\"logo\":{\"@type\":\"ImageObject\",\"inLanguage\":\"es-DO\",\"@id\":\"https:\/\/centroceed.com\/#\/schema\/logo\/image\/\",\"url\":\"https:\/\/centroceed.com\/wp-content\/uploads\/2024\/03\/logoceed.svg\",\"contentUrl\":\"https:\/\/centroceed.com\/wp-content\/uploads\/2024\/03\/logoceed.svg\",\"width\":326,\"height\":99,\"caption\":\"CEED\"},\"image\":{\"@id\":\"https:\/\/centroceed.com\/#\/schema\/logo\/image\/\"},\"sameAs\":[\"https:\/\/www.facebook.com\/p\/Centro-Especializado-de-Estudios-Digestivos-100063752154012\/\",\"https:\/\/www.instagram.com\/ceedrd\"]}]}<\/script>\n<!-- \/ Yoast SEO plugin. -->","yoast_head_json":{"title":"Servicios - CEED","robots":{"index":"index","follow":"follow","max-snippet":"max-snippet:-1","max-image-preview":"max-image-preview:large","max-video-preview":"max-video-preview:-1"},"canonical":"https:\/\/centroceed.com\/index.php\/servicios\/","og_locale":"es_ES","og_type":"article","og_title":"Servicios - CEED","og_description":"Prueba de Aliento \u00bfQue es la intolerancia a la lactosa? Es un test para determinar si usted tiene una intolerancia a la lactosa. La intolerancia de lactosa es &hellip; Estudios de Imagen Sonograf\u00edas: abdominal, p\u00e9lvica, tiroides, sono mamograf\u00eda, vesico prost\u00e1tica, partes blandas. Doppler carotideo, miembros inferiores arterial &hellip; Estudios Endosc\u00f3picos C\u00e1psula Endosc\u00f3pica, Endoscopia Digestiva alta, &hellip;","og_url":"https:\/\/centroceed.com\/index.php\/servicios\/","og_site_name":"CEED","article_publisher":"https:\/\/www.facebook.com\/p\/Centro-Especializado-de-Estudios-Digestivos-100063752154012\/","article_modified_time":"2024-03-12T04:26:02+00:00","twitter_card":"summary_large_image","schema":{"@context":"https:\/\/schema.org","@graph":[{"@type":"WebPage","@id":"https:\/\/centroceed.com\/index.php\/servicios\/","url":"https:\/\/centroceed.com\/index.php\/servicios\/","name":"Servicios - CEED","isPartOf":{"@id":"https:\/\/centroceed.com\/#website"},"datePublished":"2017-02-16T11:05:27+00:00","dateModified":"2024-03-12T04:26:02+00:00","breadcrumb":{"@id":"https:\/\/centroceed.com\/index.php\/servicios\/#breadcrumb"},"inLanguage":"es-DO","potentialAction":[{"@type":"ReadAction","target":["https:\/\/centroceed.com\/index.php\/servicios\/"]}]},{"@type":"BreadcrumbList","@id":"https:\/\/centroceed.com\/index.php\/servicios\/#breadcrumb","itemListElement":[{"@type":"ListItem","position":1,"name":"Home","item":"https:\/\/centroceed.com\/"},{"@type":"ListItem","position":2,"name":"Servicios"}]},{"@type":"WebSite","@id":"https:\/\/centroceed.com\/#website","url":"https:\/\/centroceed.com\/","name":"CEED - Centro Especializado en Estudios Digestivos","description":"Centro Especializado en el Diagn\u00f3stico y Tratamiento de las Enfermedades Digestivas","publisher":{"@id":"https:\/\/centroceed.com\/#organization"},"potentialAction":[{"@type":"SearchAction","target":{"@type":"EntryPoint","urlTemplate":"https:\/\/centroceed.com\/?s={search_term_string}"},"query-input":"required name=search_term_string"}],"inLanguage":"es-DO"},{"@type":"Organization","@id":"https:\/\/centroceed.com\/#organization","name":"CEED","url":"https:\/\/centroceed.com\/","logo":{"@type":"ImageObject","inLanguage":"es-DO","@id":"https:\/\/centroceed.com\/#\/schema\/logo\/image\/","url":"https:\/\/centroceed.com\/wp-content\/uploads\/2024\/03\/logoceed.svg","contentUrl":"https:\/\/centroceed.com\/wp-content\/uploads\/2024\/03\/logoceed.svg","width":326,"height":99,"caption":"CEED"},"image":{"@id":"https:\/\/centroceed.com\/#\/schema\/logo\/image\/"},"sameAs":["https:\/\/www.facebook.com\/p\/Centro-Especializado-de-Estudios-Digestivos-100063752154012\/","https:\/\/www.instagram.com\/ceedrd"]}]}},"_links":{"self":[{"href":"https:\/\/centroceed.com\/index.php\/wp-json\/wp\/v2\/pages\/116"}],"collection":[{"href":"https:\/\/centroceed.com\/index.php\/wp-json\/wp\/v2\/pages"}],"about":[{"href":"https:\/\/centroceed.com\/index.php\/wp-json\/wp\/v2\/types\/page"}],"author":[{"embeddable":true,"href":"https:\/\/centroceed.com\/index.php\/wp-json\/wp\/v2\/users\/1"}],"replies":[{"embeddable":true,"href":"https:\/\/centroceed.com\/index.php\/wp-json\/wp\/v2\/comments?post=116"}],"version-history":[{"count":25,"href":"https:\/\/centroceed.com\/index.php\/wp-json\/wp\/v2\/pages\/116\/revisions"}],"predecessor-version":[{"id":1683,"href":"https:\/\/centroceed.com\/index.php\/wp-json\/wp\/v2\/pages\/116\/revisions\/1683"}],"wp:attachment":[{"href":"https:\/\/centroceed.com\/index.php\/wp-json\/wp\/v2\/media?parent=116"}],"curies":[{"name":"wp","href":"https:\/\/api.w.org\/{rel}","templated":true}]}}