{"id":1427,"date":"2024-03-02T04:40:04","date_gmt":"2024-03-02T04:40:04","guid":{"rendered":"https:\/\/centroceed.com\/?page_id=1427"},"modified":"2024-03-02T05:11:30","modified_gmt":"2024-03-02T05:11:30","slug":"estudios-endoscopicos","status":"publish","type":"page","link":"https:\/\/centroceed.com\/index.php\/servicios\/estudios-endoscopicos\/","title":{"rendered":"Estudios Endosc\u00f3picos"},"content":{"rendered":"<div id=\"pl-1427\"  class=\"panel-layout\" ><div id=\"pg-1427-0\"  class=\"panel-grid panel-no-style\" ><div id=\"pgc-1427-0-0\"  class=\"panel-grid-cell\" ><div id=\"panel-1427-0-0-0\" class=\"so-panel widget widget_sow-editor panel-first-child panel-last-child\" data-index=\"0\" ><div class=\"panel-widget-style panel-widget-style-for-1427-0-0-0\" ><div\n\t\t\t\n\t\t\tclass=\"so-widget-sow-editor so-widget-sow-editor-base\"\n\t\t\t\n\t\t>\n<div class=\"siteorigin-widget-tinymce textwidget\">\n\t<p><img fetchpriority=\"high\" fetchpriority=\"high\" decoding=\"async\" class=\"alignnone wp-image-1288 size-full\" src=\"http:\/\/centroceed.com\/wp-content\/uploads\/2024\/02\/servicios1.jpg\" alt=\"\" width=\"860\" height=\"430\" srcset=\"https:\/\/centroceed.com\/wp-content\/uploads\/2024\/02\/servicios1.jpg 860w, https:\/\/centroceed.com\/wp-content\/uploads\/2024\/02\/servicios1-300x150.jpg 300w, https:\/\/centroceed.com\/wp-content\/uploads\/2024\/02\/servicios1-768x384.jpg 768w, https:\/\/centroceed.com\/wp-content\/uploads\/2024\/02\/servicios1-350x175.jpg 350w\" sizes=\"(max-width: 860px) 100vw, 860px\" \/><\/p>\n<\/div>\n<\/div><\/div><\/div><\/div><div id=\"pgc-1427-0-1\"  class=\"panel-grid-cell\" ><div id=\"panel-1427-0-1-0\" class=\"so-panel widget widget_sow-editor panel-first-child panel-last-child\" data-index=\"1\" ><div\n\t\t\t\n\t\t\tclass=\"so-widget-sow-editor so-widget-sow-editor-base\"\n\t\t\t\n\t\t>\n<div class=\"siteorigin-widget-tinymce textwidget\">\n\t<p>&nbsp;<\/p>\n<ul>\n<li>C\u00e1psula Endosc\u00f3pica<span class=\"Apple-converted-space\">\u00a0<\/span><\/li>\n<li>Endoscopia Digestiva alta<span class=\"Apple-converted-space\">\u00a0<\/span><\/li>\n<li>Colonoscopia<span class=\"Apple-converted-space\">\u00a0<\/span><\/li>\n<li>Ultrasonido Endosc\u00f3pico Diagnostico y Terapeutico<span class=\"Apple-converted-space\">\u00a0<\/span><\/li>\n<li>Colangio Pancreatograf\u00eda retrograda endosc\u00f3pica (CPRE)<\/li>\n<li>Gastrostom\u00eda Endosc\u00f3pica Percut\u00e1nea (PEG)<\/li>\n<li>Bal\u00f3n G\u00e1strico<span class=\"Apple-converted-space\">\u00a0<\/span><\/li>\n<\/ul>\n<\/div>\n<\/div><\/div><\/div><\/div><div id=\"pg-1427-1\"  class=\"panel-grid panel-no-style\" ><div id=\"pgc-1427-1-0\"  class=\"panel-grid-cell\" ><div id=\"panel-1427-1-0-0\" class=\"so-panel widget widget_sow-editor panel-first-child panel-last-child\" data-index=\"2\" ><div\n\t\t\t\n\t\t\tclass=\"so-widget-sow-editor so-widget-sow-editor-base\"\n\t\t\t\n\t\t>\n<div class=\"siteorigin-widget-tinymce textwidget\">\n\t<\/div>\n<\/div><\/div><\/div><\/div><div id=\"pg-1427-2\"  class=\"panel-grid panel-no-style\" ><div id=\"pgc-1427-2-0\"  class=\"panel-grid-cell\" ><div id=\"panel-1427-2-0-0\" class=\"so-panel widget widget_sow-editor panel-first-child panel-last-child\" data-index=\"3\" ><div\n\t\t\t\n\t\t\tclass=\"so-widget-sow-editor so-widget-sow-editor-base\"\n\t\t\t\n\t\t>\n<div class=\"siteorigin-widget-tinymce textwidget\">\n\t<p>&nbsp;<\/p>\n<p><b>Preparaci\u00f3n para la prueba:<\/b><\/p>\n<ul>\n<li>Debe tener 6 horas de ayuno. No puede haber tomada agua.<\/li>\n<li>No puede estar tomando antibi\u00f3ticos al menos 1 mes antes de la prueba.<\/li>\n<li>No puede estar tomando medicamentos para el estomago<span class=\"Apple-converted-space\">\u00a0 <\/span>como omeprazol dos semanas antes de la prueba.<\/li>\n<li>No puede estar tomando ning\u00fan producto que contenga bismuto como el pepto bismol<span class=\"Apple-converted-space\">\u00a0 <\/span>al menos 2 semanas antes de la prueba.<span class=\"Apple-converted-space\">\u00a0<\/span><\/li>\n<li>No puede realizarse la prueba si esta embarazada.<\/li>\n<\/ul>\n<p><b>** Favor confirmar su cita 24 horas antes del estudio**<\/b><\/p>\n<p>&nbsp;<\/p>\n<\/div>\n<\/div><\/div><\/div><\/div><\/div>","protected":false},"excerpt":{"rendered":"<p>C\u00e1psula Endosc\u00f3pica, Endoscopia Digestiva alta, Colonoscopia, Ultrasonido Endosc\u00f3pico Diagnostico y Terapeutico, Colangio Pancreatograf\u00eda retrograda endosc\u00f3pica (CPRE), Gastrostom\u00eda Endosc\u00f3pica Percut\u00e1nea (PEG), Bal\u00f3n G\u00e1strico<\/p>\n","protected":false},"author":3,"featured_media":1288,"parent":116,"menu_order":0,"comment_status":"closed","ping_status":"closed","template":"","meta":{"_acf_changed":false,"inline_featured_image":false,"footnotes":""},"acf":[],"yoast_head":"<!-- This site is optimized with the Yoast SEO plugin v22.2 - https:\/\/yoast.com\/wordpress\/plugins\/seo\/ -->\n<title>Estudios Endosc\u00f3picos - CEED<\/title>\n<meta name=\"robots\" content=\"index, follow, max-snippet:-1, max-image-preview:large, max-video-preview:-1\" \/>\n<link rel=\"canonical\" href=\"https:\/\/centroceed.com\/index.php\/servicios\/estudios-endoscopicos\/\" \/>\n<meta property=\"og:locale\" content=\"es_ES\" \/>\n<meta property=\"og:type\" content=\"article\" \/>\n<meta property=\"og:title\" content=\"Estudios Endosc\u00f3picos - CEED\" \/>\n<meta property=\"og:description\" content=\"C\u00e1psula Endosc\u00f3pica, Endoscopia Digestiva alta, Colonoscopia, Ultrasonido Endosc\u00f3pico Diagnostico y Terapeutico, Colangio Pancreatograf\u00eda retrograda endosc\u00f3pica (CPRE), Gastrostom\u00eda Endosc\u00f3pica Percut\u00e1nea (PEG), Bal\u00f3n G\u00e1strico\" \/>\n<meta property=\"og:url\" content=\"https:\/\/centroceed.com\/index.php\/servicios\/estudios-endoscopicos\/\" \/>\n<meta property=\"og:site_name\" content=\"CEED\" \/>\n<meta property=\"article:publisher\" content=\"https:\/\/www.facebook.com\/p\/Centro-Especializado-de-Estudios-Digestivos-100063752154012\/\" \/>\n<meta property=\"article:modified_time\" content=\"2024-03-02T05:11:30+00:00\" \/>\n<meta property=\"og:image\" content=\"https:\/\/centroceed.com\/wp-content\/uploads\/2024\/02\/servicios1.jpg\" \/>\n\t<meta property=\"og:image:width\" content=\"860\" \/>\n\t<meta property=\"og:image:height\" content=\"430\" \/>\n\t<meta property=\"og:image:type\" content=\"image\/jpeg\" \/>\n<meta name=\"twitter:card\" content=\"summary_large_image\" \/>\n<meta name=\"twitter:label1\" content=\"Est. reading time\" \/>\n\t<meta name=\"twitter:data1\" content=\"1 minuto\" \/>\n<script type=\"application\/ld+json\" class=\"yoast-schema-graph\">{\"@context\":\"https:\/\/schema.org\",\"@graph\":[{\"@type\":\"WebPage\",\"@id\":\"https:\/\/centroceed.com\/index.php\/servicios\/estudios-endoscopicos\/\",\"url\":\"https:\/\/centroceed.com\/index.php\/servicios\/estudios-endoscopicos\/\",\"name\":\"Estudios Endosc\u00f3picos - CEED\",\"isPartOf\":{\"@id\":\"https:\/\/centroceed.com\/#website\"},\"primaryImageOfPage\":{\"@id\":\"https:\/\/centroceed.com\/index.php\/servicios\/estudios-endoscopicos\/#primaryimage\"},\"image\":{\"@id\":\"https:\/\/centroceed.com\/index.php\/servicios\/estudios-endoscopicos\/#primaryimage\"},\"thumbnailUrl\":\"https:\/\/centroceed.com\/wp-content\/uploads\/2024\/02\/servicios1.jpg\",\"datePublished\":\"2024-03-02T04:40:04+00:00\",\"dateModified\":\"2024-03-02T05:11:30+00:00\",\"breadcrumb\":{\"@id\":\"https:\/\/centroceed.com\/index.php\/servicios\/estudios-endoscopicos\/#breadcrumb\"},\"inLanguage\":\"es-DO\",\"potentialAction\":[{\"@type\":\"ReadAction\",\"target\":[\"https:\/\/centroceed.com\/index.php\/servicios\/estudios-endoscopicos\/\"]}]},{\"@type\":\"ImageObject\",\"inLanguage\":\"es-DO\",\"@id\":\"https:\/\/centroceed.com\/index.php\/servicios\/estudios-endoscopicos\/#primaryimage\",\"url\":\"https:\/\/centroceed.com\/wp-content\/uploads\/2024\/02\/servicios1.jpg\",\"contentUrl\":\"https:\/\/centroceed.com\/wp-content\/uploads\/2024\/02\/servicios1.jpg\",\"width\":860,\"height\":430},{\"@type\":\"BreadcrumbList\",\"@id\":\"https:\/\/centroceed.com\/index.php\/servicios\/estudios-endoscopicos\/#breadcrumb\",\"itemListElement\":[{\"@type\":\"ListItem\",\"position\":1,\"name\":\"Home\",\"item\":\"https:\/\/centroceed.com\/\"},{\"@type\":\"ListItem\",\"position\":2,\"name\":\"Servicios\",\"item\":\"https:\/\/centroceed.com\/index.php\/servicios\/\"},{\"@type\":\"ListItem\",\"position\":3,\"name\":\"Estudios Endosc\u00f3picos\"}]},{\"@type\":\"WebSite\",\"@id\":\"https:\/\/centroceed.com\/#website\",\"url\":\"https:\/\/centroceed.com\/\",\"name\":\"CEED - Centro Especializado en Estudios Digestivos\",\"description\":\"Centro Especializado en el Diagn\u00f3stico y Tratamiento de las Enfermedades Digestivas\",\"publisher\":{\"@id\":\"https:\/\/centroceed.com\/#organization\"},\"potentialAction\":[{\"@type\":\"SearchAction\",\"target\":{\"@type\":\"EntryPoint\",\"urlTemplate\":\"https:\/\/centroceed.com\/?s={search_term_string}\"},\"query-input\":\"required name=search_term_string\"}],\"inLanguage\":\"es-DO\"},{\"@type\":\"Organization\",\"@id\":\"https:\/\/centroceed.com\/#organization\",\"name\":\"CEED\",\"url\":\"https:\/\/centroceed.com\/\",\"logo\":{\"@type\":\"ImageObject\",\"inLanguage\":\"es-DO\",\"@id\":\"https:\/\/centroceed.com\/#\/schema\/logo\/image\/\",\"url\":\"https:\/\/centroceed.com\/wp-content\/uploads\/2024\/03\/logoceed.svg\",\"contentUrl\":\"https:\/\/centroceed.com\/wp-content\/uploads\/2024\/03\/logoceed.svg\",\"width\":326,\"height\":99,\"caption\":\"CEED\"},\"image\":{\"@id\":\"https:\/\/centroceed.com\/#\/schema\/logo\/image\/\"},\"sameAs\":[\"https:\/\/www.facebook.com\/p\/Centro-Especializado-de-Estudios-Digestivos-100063752154012\/\",\"https:\/\/www.instagram.com\/ceedrd\"]}]}<\/script>\n<!-- \/ Yoast SEO plugin. -->","yoast_head_json":{"title":"Estudios Endosc\u00f3picos - CEED","robots":{"index":"index","follow":"follow","max-snippet":"max-snippet:-1","max-image-preview":"max-image-preview:large","max-video-preview":"max-video-preview:-1"},"canonical":"https:\/\/centroceed.com\/index.php\/servicios\/estudios-endoscopicos\/","og_locale":"es_ES","og_type":"article","og_title":"Estudios Endosc\u00f3picos - CEED","og_description":"C\u00e1psula Endosc\u00f3pica, Endoscopia Digestiva alta, Colonoscopia, Ultrasonido Endosc\u00f3pico Diagnostico y Terapeutico, Colangio Pancreatograf\u00eda retrograda endosc\u00f3pica (CPRE), Gastrostom\u00eda Endosc\u00f3pica Percut\u00e1nea (PEG), Bal\u00f3n G\u00e1strico","og_url":"https:\/\/centroceed.com\/index.php\/servicios\/estudios-endoscopicos\/","og_site_name":"CEED","article_publisher":"https:\/\/www.facebook.com\/p\/Centro-Especializado-de-Estudios-Digestivos-100063752154012\/","article_modified_time":"2024-03-02T05:11:30+00:00","og_image":[{"width":860,"height":430,"url":"https:\/\/centroceed.com\/wp-content\/uploads\/2024\/02\/servicios1.jpg","type":"image\/jpeg"}],"twitter_card":"summary_large_image","twitter_misc":{"Est. reading time":"1 minuto"},"schema":{"@context":"https:\/\/schema.org","@graph":[{"@type":"WebPage","@id":"https:\/\/centroceed.com\/index.php\/servicios\/estudios-endoscopicos\/","url":"https:\/\/centroceed.com\/index.php\/servicios\/estudios-endoscopicos\/","name":"Estudios Endosc\u00f3picos - CEED","isPartOf":{"@id":"https:\/\/centroceed.com\/#website"},"primaryImageOfPage":{"@id":"https:\/\/centroceed.com\/index.php\/servicios\/estudios-endoscopicos\/#primaryimage"},"image":{"@id":"https:\/\/centroceed.com\/index.php\/servicios\/estudios-endoscopicos\/#primaryimage"},"thumbnailUrl":"https:\/\/centroceed.com\/wp-content\/uploads\/2024\/02\/servicios1.jpg","datePublished":"2024-03-02T04:40:04+00:00","dateModified":"2024-03-02T05:11:30+00:00","breadcrumb":{"@id":"https:\/\/centroceed.com\/index.php\/servicios\/estudios-endoscopicos\/#breadcrumb"},"inLanguage":"es-DO","potentialAction":[{"@type":"ReadAction","target":["https:\/\/centroceed.com\/index.php\/servicios\/estudios-endoscopicos\/"]}]},{"@type":"ImageObject","inLanguage":"es-DO","@id":"https:\/\/centroceed.com\/index.php\/servicios\/estudios-endoscopicos\/#primaryimage","url":"https:\/\/centroceed.com\/wp-content\/uploads\/2024\/02\/servicios1.jpg","contentUrl":"https:\/\/centroceed.com\/wp-content\/uploads\/2024\/02\/servicios1.jpg","width":860,"height":430},{"@type":"BreadcrumbList","@id":"https:\/\/centroceed.com\/index.php\/servicios\/estudios-endoscopicos\/#breadcrumb","itemListElement":[{"@type":"ListItem","position":1,"name":"Home","item":"https:\/\/centroceed.com\/"},{"@type":"ListItem","position":2,"name":"Servicios","item":"https:\/\/centroceed.com\/index.php\/servicios\/"},{"@type":"ListItem","position":3,"name":"Estudios Endosc\u00f3picos"}]},{"@type":"WebSite","@id":"https:\/\/centroceed.com\/#website","url":"https:\/\/centroceed.com\/","name":"CEED - Centro Especializado en Estudios Digestivos","description":"Centro Especializado en el Diagn\u00f3stico y Tratamiento de las Enfermedades Digestivas","publisher":{"@id":"https:\/\/centroceed.com\/#organization"},"potentialAction":[{"@type":"SearchAction","target":{"@type":"EntryPoint","urlTemplate":"https:\/\/centroceed.com\/?s={search_term_string}"},"query-input":"required name=search_term_string"}],"inLanguage":"es-DO"},{"@type":"Organization","@id":"https:\/\/centroceed.com\/#organization","name":"CEED","url":"https:\/\/centroceed.com\/","logo":{"@type":"ImageObject","inLanguage":"es-DO","@id":"https:\/\/centroceed.com\/#\/schema\/logo\/image\/","url":"https:\/\/centroceed.com\/wp-content\/uploads\/2024\/03\/logoceed.svg","contentUrl":"https:\/\/centroceed.com\/wp-content\/uploads\/2024\/03\/logoceed.svg","width":326,"height":99,"caption":"CEED"},"image":{"@id":"https:\/\/centroceed.com\/#\/schema\/logo\/image\/"},"sameAs":["https:\/\/www.facebook.com\/p\/Centro-Especializado-de-Estudios-Digestivos-100063752154012\/","https:\/\/www.instagram.com\/ceedrd"]}]}},"_links":{"self":[{"href":"https:\/\/centroceed.com\/index.php\/wp-json\/wp\/v2\/pages\/1427"}],"collection":[{"href":"https:\/\/centroceed.com\/index.php\/wp-json\/wp\/v2\/pages"}],"about":[{"href":"https:\/\/centroceed.com\/index.php\/wp-json\/wp\/v2\/types\/page"}],"author":[{"embeddable":true,"href":"https:\/\/centroceed.com\/index.php\/wp-json\/wp\/v2\/users\/3"}],"replies":[{"embeddable":true,"href":"https:\/\/centroceed.com\/index.php\/wp-json\/wp\/v2\/comments?post=1427"}],"version-history":[{"count":6,"href":"https:\/\/centroceed.com\/index.php\/wp-json\/wp\/v2\/pages\/1427\/revisions"}],"predecessor-version":[{"id":1444,"href":"https:\/\/centroceed.com\/index.php\/wp-json\/wp\/v2\/pages\/1427\/revisions\/1444"}],"up":[{"embeddable":true,"href":"https:\/\/centroceed.com\/index.php\/wp-json\/wp\/v2\/pages\/116"}],"wp:featuredmedia":[{"embeddable":true,"href":"https:\/\/centroceed.com\/index.php\/wp-json\/wp\/v2\/media\/1288"}],"wp:attachment":[{"href":"https:\/\/centroceed.com\/index.php\/wp-json\/wp\/v2\/media?parent=1427"}],"curies":[{"name":"wp","href":"https:\/\/api.w.org\/{rel}","templated":true}]}}